of 4 + -7 + 3118 + (-1 - -6)?
0
Suppose -55 - 145 = -p. What is the units digit of p?
0
Suppose 2*f = -f + 12. Suppose -f*p + q = -q - 12, -p - 2 = 2*q. Suppose 0 = p*a + 7 - 75. What is the units digit of a?
4
Let j(v) = v**2 - 3*v + 2. Let r be j(5). Let k be ((-2)/6)/((-2)/r). Suppose -k*l + 29 + 59 = 0. What is the units digit of l?
4
Suppose -555 = -0*i - 3*i. Let b = 290 - i. What is the tens digit of b?
0
Suppose 0 = 7*v - 18*v + 3531. What is the hundreds digit of v?
3
Let y = 19 + 11. Suppose -3*t - 2*v + 104 = 2*v, -5*t - 5*v = -165. Suppose -y*h + 12 = -t*h. What is the units digit of h?
6
Suppose -2*u - u - 3 = 0. Let m = u - -19. What is the tens digit of m?
1
Suppose 2*s - 5*w - 531 = 0, -5*s + 6*w = 2*w - 1319. Suppose -3*m + 367 = -s. Suppose -3*h - 2*x + 126 = -6*x, -5*x = -5*h + m. What is the tens digit of h?
4
Let o(j) be the second derivative of -j**4/12 + 2*j**3 - j**2/2 - 16*j. Suppose 5*l = 8*z - 3*z, 0 = -5*l - 4*z + 45. What is the tens digit of o(l)?
3
Let l = -219 - -487. What is the hundreds digit of l?
2
Let z(r) = 9*r**2 + 15*r - 3. Let y(c) = -5*c**2 - 7*c + 1. Let q(n) = 11*y(n) + 6*z(n). Let a be q(12). Suppose a*v - 145 = -0*v. What is the tens digit of v?
2
Let c be (6/3)/(6/9). Suppose 0 = 4*y - 5*r - 85, -65 = -c*y + 4*r - 0*r. Suppose v - 8 = y. What is the tens digit of v?
2
Let q be ((-66)/55)/(3/(-770)). Suppose 0 = -6*u + q + 250. What is the units digit of u?
3
Let v(c) = -14*c + 35. Let t be v(-15). What is the units digit of t/5 + 1 - -2?
2
Let q(i) be the third derivative of i**5/20 - 7*i**4/24 + 4*i**3/3 - 4*i**2. Let v be q(4). Let g = 32 - v. What is the units digit of g?
4
Let a = 18 + -35. Let y be (2 - a - -2) + -2. Let g = 22 - y. What is the units digit of g?
3
Let u = 19 - -3. Let k be (u/8)/((-2)/8). Let t(a) = a**3 + 12*a**2 + 10*a - 7. What is the units digit of t(k)?
4
What is the tens digit of (821 + -5)/4 - 2?
0
Let p = 215 - 83. What is the hundreds digit of p?
1
Let j = -267 - -377. What is the hundreds digit of j?
1
Let d = -3246 - -4291. What is the hundreds digit of d?
0
Suppose 0*s + 3*s = 15, -5*s - 641 = -2*z. Suppose 2*g = w + z, -4*g - 5*w = -0*w - 645. What is the units digit of g?
5
Let z(b) = -b**2 + 35*b - 33. What is the tens digit of z(16)?
7
Suppose -4*v + 453 = 3*p - 6, 2*v - 5*p = 223. Suppose 4*c - 74 = v. What is the tens digit of c?
4
Let a be ((-4)/10)/((-3)/15). Suppose -4 - 2 = a*q. What is the tens digit of 0 + (-64)/(6/q)?
3
What is the hundreds digit of 120/5*(-41)/(-2)?
4
Suppose 20*n = 18*n. Suppose -36 = -b - n*b. Suppose -4*z - 3*k = -8*k - 171, k = -z + b. What is the tens digit of z?
3
Suppose 5*i + 25 = -3*t, 4*i + t + 7 + 6 = 0. Let z be 2/(-2)*-5 + i. Suppose 0 = z*r + 4*g - 143, 182 = 4*r - 4*g + 38. What is the tens digit of r?
4
Let z = -518 + 1061. What is the units digit of z?
3
What is the hundreds digit of ((-2302)/8)/((117/36)/(-13))?
1
Let x be (0 + 5)/(9/315). Suppose 8*v = 3*v + x. What is the units digit of v?
5
Suppose 4*h = 3*r + 7*h - 60, 2*r = 5*h + 26. What is the units digit of (-627)/(-27) - 4/r?
3
Suppose -21*m + 410 = -16*m. Suppose m*r + 501 = 85*r. What is the tens digit of r?
6
Suppose -k + 20 - 16 = 0. Suppose -2*x + 12 = 4*h, -2*x = 5*h - 3*x - 29. Suppose -3*u + s + k = -6, -h*u + 16 = -2*s. What is the units digit of u?
4
Let u = -36 + 38. What is the units digit of (-117)/(-12)*2*u?
9
Let q = 3 + 0. Suppose l = -q*k + 48, -3*k = -4*l + 2*k + 260. Suppose -3*h + 100 = 4*s - 2*s, -l = -2*h + 2*s. What is the tens digit of h?
3
Let d(i) = 19*i + 90. What is the tens digit of d(8)?
4
Suppose -8*w + 3*w = -4*l + 36, -w - 18 = -2*l. Suppose 2*u - l = 99. What is the units digit of u?
4
Let t(i) = i**3 + 11*i**2 + 12*i - 6. Let s be t(-10). Let l = 41 + s. Suppose -2*c + 10 = 3*v - 0, -v = 3*c - l. What is the units digit of c?
5
Let q(b) = 3*b**2 - b - 4. Let h be q(2). Suppose -r = -h*r + 340. What is the tens digit of r?
6
What is the units digit of (-3)/1 + (-471)/(-3) + 0?
4
Let k(c) = -c**3 - 5*c**2 - 2*c + 6. Let m be -3 + 4 - (0 + -2). Suppose 3*y + 5*h = 2*h - m, -5*y + 2*h = 33. What is the units digit of k(y)?
6
Let p(l) = -2*l**3 + 2*l**2 + 49*l - 14. What is the hundreds digit of p(-8)?
7
Suppose 39*w - 7801 = 60566. What is the thousands digit of w?
1
Suppose -34*i + 1676 = -30*i. What is the hundreds digit of i?
4
Let a be (-1215)/(-12) + (-1)/4. Suppose 5*q + 14 = -a. Let n = q + 42. What is the tens digit of n?
1
Let x(w) = w**3 - 2*w**2 + 6*w - 11. Let h be (2/24*10)/((-5)/(-30)). What is the units digit of x(h)?
4
Let o be 7/6 - (-3)/(-18). Suppose -2*b + 9 = -o. Let r = b - -33. What is the tens digit of r?
3
Let o = 9244 - 5769. What is the units digit of o?
5
Suppose -2*z = -2*j + 480, -4*z - 725 - 480 = -5*j. What is the units digit of j?
5
Suppose -7*z + 2636 = -3118. What is the tens digit of z?
2
Suppose 3*r - 814 = -5*z, 0 = 2*r + 3*z - 370 - 173. What is the hundreds digit of r?
2
Let f = 3871 - 2228. What is the units digit of f?
3
Suppose -6*p = -7*p + 4. What is the hundreds digit of ((-740)/30)/(p/(-18))?
1
Let l = 6563 - 1801. What is the thousands digit of l?
4
Let o = 203 + 159. What is the hundreds digit of o?
3
Let j(z) = 6 - 4*z - 11*z + 38 - 17. What is the tens digit of j(-9)?
6
Suppose 16 = 4*u, 0 = -3*j + 6*j - 2*u + 131. Let t = 13 + j. Let n = -15 - t. What is the tens digit of n?
1
Suppose x - 728 = -o + 2283, -3005 = -o + x. What is the hundreds digit of o?
0
Let b = -1 + 4. Let f(j) = -27*j + 14. Let r(z) = 28*z - 16. Let t(c) = -6*f(c) - 5*r(c). What is the units digit of t(b)?
2
Let q(o) be the third derivative of 3*o**4/8 - 7*o**3/2 - 3*o**2. What is the units digit of q(9)?
0
Suppose 14*g - 42*g = -36232. What is the units digit of g?
4
What is the tens digit of ((-20)/(-2) - 5) + 281?
8
Let o(q) be the second derivative of q**4/12 + 2*q**3/3 - q**2 + q. Let d be (54/(-13) - (-10)/65) + 8. What is the units digit of o(d)?
0
Let r(w) = w**2 + 10*w + 4. Let m be r(-13). Let a = -21 + m. What is the units digit of a?
2
Suppose -7308 = -176*o + 147*o. What is the units digit of o?
2
Let d(x) = 2*x + 42. Let k be d(-20). Suppose k + 3 = 5*v, v = -5*z + 556. What is the tens digit of z?
1
Let w(u) be the first derivative of 5 + 1/3*u**3 + u**4 - 3/2*u**2 + 3*u. What is the units digit of w(2)?
3
Suppose 0 = 4*k - 4*i - i - 117, -140 = -5*k + 5*i. Suppose k = 3*b - 1. What is the tens digit of ((-55)/(-20))/(1/b)?
2
Let v be (-3 + 23)*(-24)/(-20). Suppose -4*r + 8*r = v. Suppose -5*c - 29 = -r*c. What is the units digit of c?
9
What is the units digit of 3/4 + 1229/4?
8
What is the units digit of 19930/35 + 36/(-84)?
9
Let y be (-2)/8 - 560/(-576)*-9. Let m(t) = 21*t**2 - t + 1. Let u be m(1). Let d = u - y. What is the tens digit of d?
3
Let x = 1015 - 539. What is the tens digit of x?
7
Let u(g) = -1 - 1 - 1 + 2*g - 3. Let b be u(4). Suppose 0*q = b*m - 2*q - 10, -2*m = -4*q - 10. What is the units digit of m?
5
Suppose 17*v + 20 = 12*v. Let b = 1 + -2. What is the units digit of b + v/2 + 8?
5
Let x = -66 - -137. Let u = x - -14. What is the tens digit of u?
8
Let a(t) = -245*t - 17. What is the tens digit of a(-3)?
1
Let o be 6/4*(-704)/48. Let j = o + 120. Suppose 18 = -z - 4*v + j, 3*z = 2*v + 170. What is the units digit of z?
0
Suppose -5*v + 4*v + 328 = 4*n, 0 = -4*n + 20. What is the hundreds digit of v?
3
Let o be (6/(-3) - 2)*2. Let w = o + 10. What is the tens digit of (w + 28/(-12))*-129?
4
Suppose -5*i + 19 = -4*i. Let h = i + 17. What is the units digit of h?
6
Suppose 0 = 70*z - 68*z - 800. What is the tens digit of z?
0
Suppose -3*t + 6 = 0, -3010 = -5*y - 2*t + 7*t. What is the tens digit of y?
0
Suppose 3*s - 6 = 5*o, 2*s = -5*o - 0*o + 4. Let i be (-14)/(-2) - (-1 + 0). Suppose 4*c = 3*k - i*k + s, -1 = c + 2*k. What is the units digit of c?
3
Let r = -56 - -265. What is the units digit of r?
9
Let u = -1437 + 2542. What is the tens digit of u?
0
Let o = -1341 + 3273. What is the thousands digit of o?
1
Let l be ((-34)/(-85))/(3/120). Let g be -1 - -4 - (-1)/(-1). Suppose 0 = -4*f - l, 2*r - g*f - 8 = -f. What is the units digit of r?
2
Suppose -3*n - 1595 = -2*r, 812 + 1603 = 3*r + 3*n. What is the units digit of r?
2
Let t(x) = 4*x + 2*x - 31 + 21 + 2*x*